7. Give o(1).
82
Let d(k) = -2*k**3 - 13*k**2 + 155*k + 4. Calculate d(-14).
774
Let z(j) = -588*j - 26443. What is z(-45)?
17
Let r(z) = -4*z**2 - 2754*z - 397031. Give r(-483).
-5
Let x(a) = 84700*a - 9740505. Determine x(115).
-5
Let t(c) = -c**3 - 7*c**2 + 36*c + 146. Give t(-13).
692
Let d(r) = -r**3 + 135*r**2 - 458*r + 39. Give d(3).
-147
Let a(v) = 7*v**3 - 66*v**2 - 345*v + 3346. Determine a(9).
-2
Let z(y) = y**3 - 37366*y**2 + 784249*y - 49. Give z(21).
35
Let p(j) = -8*j**2 + 311*j + 7248. Give p(-16).
224
Let f(w) = -4*w**3 + 375*w**2 - 653*w + 854. Calculate f(92).
26
Let n(h) = -h**3 - 47*h**2 + 2202*h - 585. Give n(-76).
-433
Let c(q) = q**3 + 21*q**2 - 4*q - 235. What is c(-14)?
1193
Let f(v) = v**2 + 2651*v - 18626. Calculate f(7).
-20
Let g(x) = 19*x**2 + 736*x + 5846. Determine g(-11).
49
Let l(p) = -24*p**3 - p**2 - 42661*p + 42663. Calculate l(1).
-23
Let g(s) = 2*s**3 + 151*s**2 + 208*s - 1017. Determine g(-74).
19
Let x(t) = 1274*t + 34985. Determine x(-28).
-687
Let t(v) = 6*v - 1449. Determine t(73).
-1011
Let c(b) = -3*b**3 - 30*b**2 + 16*b - 2. Calculate c(0).
-2
Let i(n) = 146*n**2 + 8458*n - 579. What is i(-58)?
1
Let c(o) = -o**2 - 14*o + 3061. What is c(-64)?
-139
Let q(u) = -u**2 - 1950*u - 15538. Give q(-8).
-2
Let u(c) = -8*c**3 - 6168*c**2 - 15*c - 11543. What is u(-771)?
22
Let s(d) = 10*d**2 - 334*d - 30499. What is s(-41)?
5
Let b(d) = -2189*d + 91992. Give b(42).
54
Let d(t) = -t**2 + 1643*t + 65725. Determine d(-39).
127
Let k(t) = -2363*t**2 - 4655*t + 140. Give k(-2).
-2
Let r(v) = 5*v**3 - 59*v**2 - 12928*v + 154959. Give r(12).
-33
Let n(b) = -2*b**2 - 80*b + 1935. Determine n(-57).
-3
Let k(p) = -556960*p + 1114000. What is k(2)?
80
Let w(p) = p**3 + 189*p**2 - 2196*p + 830. Determine w(-200).
30
Let u(x) = -2*x**2 + 129*x + 682. Calculate u(-5).
-13
Let t(x) = -x**2 - 7148*x + 222596. Calculate t(31).
47
Let u(t) = 4988*t - 50025. Calculate u(10).
-145
Let k(c) = 166*c + 207. Give k(-7).
-955
Let f(z) = -1052*z - 5531. Determine f(-5).
-271
Let a(q) = q**2 - 666*q + 80915. Calculate a(507).
302
Let s(b) = -44*b**2 - 476*b + 97. Calculate s(-11).
9
Let z(g) = 17508*g - 69821. Calculate z(4).
211
Let x(r) = r**2 - 27*r - 27430. Give x(178).
-552
Let m(x) = -27*x**2 + 8855*x + 268. Determine m(328).
-60
Let v(m) = -66*m + 2039. Give v(15).
1049
Let u(v) = -155*v + 4092. Give u(31).
-713
Let s(i) = 10*i**2 + 7990*i - 23955. Calculate s(-802).
105
Let c(d) = -3*d**2 + 72*d - 190. What is c(3)?
-1
Let a(w) = 89263*w - 535598. Determine a(6).
-20
Let b(f) = 8*f**3 - 4*f**2 - 237*f - 1432. What is b(-7)?
-2713
Let s(g) = -39*g**2 - 16379*g + 393. What is s(-420)?
-27
Let t(l) = 8*l**2 - 514*l + 3549. What is t(7)?
343
Let l(s) = -s**2 - 28517*s + 85561. Give l(3).
1
Let h(n) = -118*n**2 + 948*n - 791. Calculate h(7).
63
Let l(a) = a**3 - 923*a**2 + 18954*a - 10844. Calculate l(902).
-20
Let l(u) = -467*u - 106812. Give l(-228).
-336
Let o(b) = b**3 + 7*b**2 - 296*b - 2733. Determine o(-14).
39
Let s(c) = -2*c**2 + 1310*c + 18719. Calculate s(-14).
-13
Let y(f) = f**3 - 16*f**2 - 17*f + 484. What is y(7)?
-76
Let t(g) = 17*g**2 - 30*g - 279. Give t(11).
1448
Let d(l) = 172093*l + 1720931. Give d(-10).
1
Let q(h) = -27*h**2 - 2100*h - 2100. Determine q(-1).
-27
Let v(w) = -80346*w**2 - 642772*w - 27. Determine v(-8).
5
Let c(u) = -u**3 + 252*u**2 - 991*u - 22. Determine c(248).
226
Let s(x) = 809*x - 320415. Calculate s(396).
-51
Let t(h) = h**2 - 341*h - 3220. Give t(350).
-70
Let b(u) = -5064*u - 1331830. Give b(-263).
2
Let h(r) = 2*r**3 + 20*r**2 + 17219*r + 172149. What is h(-10)?
-41
Let k(x) = -132376*x + 2250379. What is k(17)?
-13
Let i(x) = -x**3 - x**2 + 68*x + 256. Calculate i(-4).
32
Let l(c) = c**2 + 34*c + 32. Determine l(-32).
-32
Let g(n) = -61*n**3 + 792*n**2 + 8*n + 37. Determine g(13).
-28
Let m(q) = 16*q**3 - 3*q**2 + 20*q + 146. Calculate m(0).
146
Let b(j) = -j**3 + 118*j**2 - 151*j - 9385. Determine b(116).
11
Let y(r) = -14*r**3 + 966*r**2 + 50*r - 3450. Give y(69).
0
Let u(j) = 15741*j + 676871. Calculate u(-43).
8
Let o(m) = -62278*m + 187735. Calculate o(3).
901
Let n(f) = -9839*f - 10738. Determine n(-1).
-899
Let l(x) = -10*x**3 + 119*x**2 - 259*x + 9. Give l(9).
27
Let v(q) = -34432*q - 309897. Calculate v(-9).
-9
Let i(v) = 1972*v - 11821. Give i(6).
11
Let z(v) = -v**3 - 31*v**2 + 67*v + 2884. Determine z(-30).
-26
Let c(f) = 74744*f + 4036147. Give c(-54).
-29
Let z(v) = -v**3 - 358*v**2 - 3*v + 81. What is z(0)?
81
Let b(l) = 246*l + 13093. What is b(-53)?
55
Let o(b) = -818*b - 8619. Give o(-10).
-439
Let o(g) = -119*g**2 + 2214*g - 11075. Calculate o(5).
-2980
Let q(u) = 4*u**2 - 767*u + 25177. Determine q(42).
19
Let l(c) = -364937*c - 1824680. Give l(-5).
5
Let n(f) = -10296*f - 175017. Determine n(-17).
15
Let h(r) = r**2 + 58*r - 4348. What is h(44)?
140
Let a(x) = -x**3 + 169*x**2 - 6312*x + 18105. Give a(50).
5
Let k(z) = -z**3 + 160*z**2 + 2242*z - 410. Give k(173).
-1621
Let k(j) = -19396*j + 213406. What is k(11)?
50
Let y(f) = -10*f**3 - 494*f**2 - 204*f - 327. Calculate y(-49).
65
Let j(q) = -1349*q - 1271. What is j(-1)?
78
Let p(k) = -133*k - 5761. What is p(-41)?
-308
Let w(t) = -3*t**3 + 76*t**2 - 9*t - 134. Give w(25).
266
Let d(y) = -4216*y - 1349219. Determine d(-320).
-99
Let n(l) = 2*l**3 - 219*l**2 + 1898*l - 340. Calculate n(100).
-540
Let o(b) = 4046387*b - 12139160. Give o(3).
1
Let i(x) = 4*x**2 + 7079*x - 4966282. Calculate i(538).
-4
Let v(g) = -4090*g + 20245. Give v(5).
-205
Let s(p) = -p**3 - 296*p**2 + 908*p + 2106. What is s(-299)?
-1183
Let r(j) = 6258*j + 5187855. What is r(-829)?
-27
Let x(n) = -2*n**2 + 1476*n - 251767. Determine x(267).
-253
Let k(i) = i**2 + 9958*i - 49787. What is k(5)?
28
Let y(c) = -c**3 + 296*c**2 + 3033*c + 8248. Give y(306).
-14
Let d(v) = -6*v**2 - 43*v - 542. Give d(-13).
-997
Let w(a) = -2*a**3 + 169*a**2 - 3496*a - 401. Calculate w(48).
-17
Let o(c) = 1480*c - 111030. What is o(75)?
-30
Let h(m) = 4930*m - 69033. Give h(14).
-13
Let z(h) = 116*h**2 + 9040*h - 652. Determine z(-78).
-28
Let m(g) = 2*g**2 + 128*g - 1826. Determine m(-75).
-176
Let u(v) = -488111*v - 4881105. Give u(-10).
5
Let w(d) = 64237*d + 449660. Calculate w(-7).
1
Let b(l) = -l**3 + 23*l**2 + 1921*l - 280. Give b(57).
-1249
Let y(v) = -17330*v + 173372. What is y(10)?
72
Let h(c) = -c**2 + 358*c - 30246. Give h(140).
274
Let k(t) = -8*t**2 + 23*t + 83. Determine k(-10).
-947
Let t(y) = -2021*y + 12757. Give t(6).
631
Let l(d) = -d**2 + 38413*d + 192098. Calculate l(-5).
8
Let x(a) = -18519*a - 14815260. Calculate x(-800).
-60
Let n(i) = -41650*i + 249604. Determine n(6).
-296
Let d(b) = -2493*b - 7469. Determine d(-3).
10
Let x(t) = t**2 - 1175*t + 86515. What is x(79)?
-69
Let b(u) = -6*u**2 + 1262*u + 5124. What is b(214)?
416
Let m(t) = -t**3 + 941*t**2 - 97118*t + 3296. Calculate m(823).
4
Let p(d) = 190*d + 2333. Give p(-7).
1003
Let s(i) = -i**3 - 194*i**2 - 603*i - 5636. Give s(-191).
94
Let p(h) = 640*h - 67284. Give p(105).
-84
Let l(w) = -36*w**2 + 1210*w - 9194. Give l(22).
2
Let g(n) = -n**3 - 65*n**2 + 951*n - 27. Calculate g(12).
297
Let c(u) = -56*u**2 + 8*u - 61. Give c(0).
-61
Let r(v) = -29*v**2 - 1215*v - 62. Determine r(-42).
-188
Let w(o) = -1343*o + 149080. Calculate w(111).
7
Let q(b) = 3*b**3 + 536*b**2 + 1939*b + 2455. Determine q(-175).
5
Let p(j) = -j**3 + 87*j**2 - 171*j + 463. Determine p(85).
378
Let s(t) = -18*t**2 - 483*t + 96. Give s(-27).
15
Let z(i) = i**2 - 713*i - 57522. Give z(-73).
-144
Let u(p) = 4*p**2 + 1920*p - 4100. Calculate u(-482).
-244
Let l(s) = 3*s**3 - 521*s**2 + 21400*s + 4. Give l(107).
4
Let t(s) = 2*s**3 + 1011*s**2 - 1504*s + 8597. Calculate t(-507).
-22
Let s(a) = a**3 + 22*a**2 + 12*a - 1093. What is s(-18)?
-13
Let s(l) = -48*l**2 + 388*l - 11. Give s(4).
773
Let l(w) = -w**3 - 173*w**2 - 2427*w + 1. Determine l(-16).
-1359
Let l(j) = -13*j**3 - 146*j**2 - 775*j + 7. What is l(-6)?
2209
Let z(y) = -25*y**3 + 207*y**2 - 35*y + 43. Give z(8).
211
Let h(f) = f**2 - 40*f + 267. Calculate h(31).
-12
Let f(c) = -62*c + 5379. Determine f(88).
-77
Let a(m) = -104*m**3 - 1195*m + 1195. What is a(1)?
-104
Let v(r) = 1900*r - 309694. Determine v(163).
6
Let n(c) = 2*c**3 - 59*c**2 - 1